{"id":284,"date":"2011-03-13T21:28:35","date_gmt":"2011-03-13T19:28:35","guid":{"rendered":"http:\/\/hannelerantala.fi\/www\/?page_id=284"},"modified":"2025-06-12T10:50:04","modified_gmt":"2025-06-12T08:50:04","slug":"tunnetko-tata-naista","status":"publish","type":"page","link":"https:\/\/hannelerantala.fi\/www\/?page_id=284","title":{"rendered":"Tunnetko t\u00e4t\u00e4 naista?"},"content":{"rendered":"<div id=\"box5-teoskuvaus\">\n<h3>Tunnetko t\u00e4t\u00e4 naista?<\/h3>\n<p>2008<\/p>\n<p>Sosiaalinen veistos, tilateos<\/p>\n<p>Kolmeen kaupunkiin levitetyt etsint\u00e4julisteet,<br \/>\nkadunlakaisu, dokumentaatio<\/p>\n<p>&nbsp;<\/p>\n<p><a href=\"https:\/\/hannelerantala.fi\/www\/?page_id=4\">\u00ab Palaa teoksen valokuviin<\/a><\/p>\n<\/div>\n<p>Is\u00e4ni vanhin sisar oli varieteetanssija. H\u00e4n syntyi Viipurissa, nykyisin Ven\u00e4j\u00e4lle kuuluvassa kaupungissa, ja kuoli Tukholmassa 1956. Tied\u00e4n hyvin v\u00e4h\u00e4n h\u00e4nen el\u00e4m\u00e4st\u00e4\u00e4n ja kuolemastaan, tuntuu ett\u00e4 h\u00e4n on kadonnut j\u00e4lki\u00e4 j\u00e4tt\u00e4m\u00e4tt\u00e4.<\/p>\n<p>Kev\u00e4\u00e4ll\u00e4 2008 aloitin Tukholmassa taideprojektin, jossa etsin tietoja t\u00e4dist\u00e4ni. Teoksen l\u00e4ht\u00f6kohtana oli is\u00e4ni j\u00e4\u00e4mist\u00f6st\u00e4 l\u00f6ytynyt ihailijakuva, jossa h\u00e4nen sisarensa, t\u00e4tini, katsoo vakavana kuvaajaan. Laadin kuvasta julisteen, jonka avulla etsin tietoja Salme Sylviasta. Julisteita levitettiin Tukholmaan ja pyysin siin\u00e4 yhteydenottoa kirjeell\u00e4 poste restanteen. Vastauksia ei tullut.<\/p>\n<p>Jatkoin elokuussa Salmeprojektia Viipurissa ja Helsingiss\u00e4. Kiinnitin julisteita l\u00e4helle paikkoja, joissa tiesin is\u00e4ni perheen asuneen. Helsingiss\u00e4 suomenkielisten julisteiden levityspaikka oli Sibeliuspuisto. My\u00f6s n\u00e4iss\u00e4 julisteissa pyysin yhteydenottoa poste restante -osoitteeseen. Yht\u00e4\u00e4n vastausta ei tullut.<\/p>\n<p>Teos tuo esiin katoamisen lis\u00e4ksi my\u00f6s maahanmuuttoon ja muukalaisuuteen liittyvi\u00e4 alkuper\u00e4n, kielen ja selviytymisen kysymyksi\u00e4. Pakolaisuuden ja kodittomuuden teemat ovat pysyvi\u00e4; ihmisi\u00e4 my\u00f6s katoaa j\u00e4ljett\u00f6miin jatkuvasti kaikkialla maailmassa.<\/p>\n<p>Teokseen kuului lis\u00e4ksi valokuvin dokumentoitu projekti, jossa kolmen viikon ajan lakaisin joka p\u00e4iv\u00e4 Tukholmassa sijaitsevaa parkkipaikkaa. Monien siirtolaisten ja pakolaisten p\u00e4\u00e4ty\u00f6 uudessa maassa on usein siivous huolimatta heid\u00e4n koulutuksestaan.<\/p>\n","protected":false},"excerpt":{"rendered":"<p>Tunnetko t\u00e4t\u00e4 naista? 2008 Sosiaalinen veistos, tilateos Kolmeen kaupunkiin levitetyt etsint\u00e4julisteet, kadunlakaisu, dokumentaatio &nbsp; \u00ab Palaa teoksen valokuviin Is\u00e4ni vanhin sisar oli varieteetanssija. H\u00e4n syntyi Viipurissa, nykyisin Ven\u00e4j\u00e4lle kuuluvassa kaupungissa, ja kuoli Tukholmassa 1956. Tied\u00e4n hyvin v\u00e4h\u00e4n h\u00e4nen el\u00e4m\u00e4st\u00e4\u00e4n ja kuolemastaan, tuntuu ett\u00e4 h\u00e4n on kadonnut j\u00e4lki\u00e4 j\u00e4tt\u00e4m\u00e4tt\u00e4. Kev\u00e4\u00e4ll\u00e4 2008 aloitin Tukholmassa taideprojektin, jossa etsin [&hellip;]<\/p>\n","protected":false},"author":3,"featured_media":0,"parent":154,"menu_order":5,"comment_status":"open","ping_status":"open","template":"teoskuvaus.php","meta":{"ngg_post_thumbnail":0,"footnotes":""},"class_list":["post-284","page","type-page","status-publish","hentry"],"_links":{"self":[{"href":"https:\/\/hannelerantala.fi\/www\/index.php?rest_route=\/wp\/v2\/pages\/284","targetHints":{"allow":["GET"]}}],"collection":[{"href":"https:\/\/hannelerantala.fi\/www\/index.php?rest_route=\/wp\/v2\/pages"}],"about":[{"href":"https:\/\/hannelerantala.fi\/www\/index.php?rest_route=\/wp\/v2\/types\/page"}],"author":[{"embeddable":true,"href":"https:\/\/hannelerantala.fi\/www\/index.php?rest_route=\/wp\/v2\/users\/3"}],"replies":[{"embeddable":true,"href":"https:\/\/hannelerantala.fi\/www\/index.php?rest_route=%2Fwp%2Fv2%2Fcomments&post=284"}],"version-history":[{"count":10,"href":"https:\/\/hannelerantala.fi\/www\/index.php?rest_route=\/wp\/v2\/pages\/284\/revisions"}],"predecessor-version":[{"id":698,"href":"https:\/\/hannelerantala.fi\/www\/index.php?rest_route=\/wp\/v2\/pages\/284\/revisions\/698"}],"up":[{"embeddable":true,"href":"https:\/\/hannelerantala.fi\/www\/index.php?rest_route=\/wp\/v2\/pages\/154"}],"wp:attachment":[{"href":"https:\/\/hannelerantala.fi\/www\/index.php?rest_route=%2Fwp%2Fv2%2Fmedia&parent=284"}],"curies":[{"name":"wp","href":"https:\/\/api.w.org\/{rel}","templated":true}]}}