{"id":288,"date":"2011-03-13T21:33:00","date_gmt":"2011-03-13T19:33:00","guid":{"rendered":"http:\/\/hannelerantala.fi\/www\/?page_id=288"},"modified":"2025-06-12T10:50:18","modified_gmt":"2025-06-12T08:50:18","slug":"ajattelen-valkoista","status":"publish","type":"page","link":"https:\/\/hannelerantala.fi\/www\/?page_id=288","title":{"rendered":"Ajattelen (Valkoista)"},"content":{"rendered":"<div id=\"box5-teoskuvaus\">\n<h3>Ajattelen (Valkoista)<\/h3>\n<p>2008<\/p>\n<p>Tilateos, performanssi<\/p>\n<p>Ter\u00e4sp\u00f6yt\u00e4, uutiskuva, sein\u00e4teksti, \u00e4\u00e4nimaisema <\/p>\n<p>&nbsp;<\/p>\n<p><a href=\"https:\/\/hannelerantala.fi\/www\/?page_id=108\">&laquo; Palaa teoksen valokuviin<\/a><\/p>\n<\/div>\n<p>Muutamia vuosia sitten n\u00e4in uutiskuvan, jossa Jordaniassa pid\u00e4tetty nainen piti auki p\u00e4\u00e4llysviittaansa, jotta h\u00e4nen vy\u00f6t\u00e4r\u00f6lleen sidottu pommi n\u00e4kyisi. H\u00e4n katsoi suoraan kameraan. Oli ollut tarkoitus ett\u00e4 h\u00e4n olisi r\u00e4j\u00e4ytt\u00e4nyt itsens\u00e4 ja samalla mahdollisimman monta muuta ihmist\u00e4. Pommi ei kuitenkaan lauennut ja h\u00e4net otettiin kiinni. Kuvassa h\u00e4n seisoo pid\u00e4tt\u00e4jiens\u00e4 esitelt\u00e4v\u00e4n\u00e4. <\/p>\n<p>Naisen katse j\u00e4i mieleeni ja otin kuvan<em> I think (White) <\/em>-teokseni l\u00e4ht\u00f6kohdaksi. Kuvasta tuli taustakuva tilateokselle, jonka tein suuren huoneen nurkassa olevaan pieneen koppiin. Kopissa oli kuvan lis\u00e4ksi ter\u00e4sp\u00f6yt\u00e4, jonka p\u00e4\u00e4ll\u00e4 oli ter\u00e4snauloja, keko valkoista jauhetta, muoviset suojak\u00e4sineet sek\u00e4 emalivati, jossa oli vett\u00e4. Lis\u00e4ksi p\u00f6yd\u00e4ll\u00e4 oli mustat hansikkaat ja valkoisia kangask\u00e4\u00e4r\u00f6j\u00e4. Lattialla, nurkassa, oli pino valkoisia lakanoita. Huoneessa oli tausta\u00e4\u00e4nen\u00e4 hanasta vuotavan veden ja pyykinpesun \u00e4\u00e4ni. <\/p>\n<p>Aina kun oli mahdollista, istuin kopin eteen pienelle tuolille ja revin lakanan kerrallaan kapeiksi suikaleiksi. K\u00e4\u00e4rin suikaleet rullalle ja asetin ne ter\u00e4sp\u00f6yd\u00e4lle. Kankaan repimisest\u00e4 tuleva \u00e4\u00e4ni ylitti tilan muut \u00e4\u00e4net. Keskittyess\u00e4ni teht\u00e4v\u00e4\u00e4ni itkin hiljaa koko esityksen ajan ja kyyneleet valuivat syliss\u00e4ni olevalle kankaalle. <\/p>\n<p>Kopin vieress\u00e4 sein\u00e4ll\u00e4 oli teokseen kuuluva teksti, jonka jokainen lause alkaa sanalla ajattelen. <\/p>\n","protected":false},"excerpt":{"rendered":"<p>Ajattelen (Valkoista) 2008 Tilateos, performanssi Ter\u00e4sp\u00f6yt\u00e4, uutiskuva, sein\u00e4teksti, \u00e4\u00e4nimaisema &nbsp; &laquo; Palaa teoksen valokuviin Muutamia vuosia sitten n\u00e4in uutiskuvan, jossa Jordaniassa pid\u00e4tetty nainen piti auki p\u00e4\u00e4llysviittaansa, jotta h\u00e4nen vy\u00f6t\u00e4r\u00f6lleen sidottu pommi n\u00e4kyisi. H\u00e4n katsoi suoraan kameraan. Oli ollut tarkoitus ett\u00e4 h\u00e4n olisi r\u00e4j\u00e4ytt\u00e4nyt itsens\u00e4 ja samalla mahdollisimman monta muuta ihmist\u00e4. Pommi ei kuitenkaan lauennut ja [&hellip;]<\/p>\n","protected":false},"author":3,"featured_media":0,"parent":154,"menu_order":7,"comment_status":"open","ping_status":"open","template":"teoskuvaus.php","meta":{"ngg_post_thumbnail":0,"footnotes":""},"class_list":["post-288","page","type-page","status-publish","hentry"],"_links":{"self":[{"href":"https:\/\/hannelerantala.fi\/www\/index.php?rest_route=\/wp\/v2\/pages\/288","targetHints":{"allow":["GET"]}}],"collection":[{"href":"https:\/\/hannelerantala.fi\/www\/index.php?rest_route=\/wp\/v2\/pages"}],"about":[{"href":"https:\/\/hannelerantala.fi\/www\/index.php?rest_route=\/wp\/v2\/types\/page"}],"author":[{"embeddable":true,"href":"https:\/\/hannelerantala.fi\/www\/index.php?rest_route=\/wp\/v2\/users\/3"}],"replies":[{"embeddable":true,"href":"https:\/\/hannelerantala.fi\/www\/index.php?rest_route=%2Fwp%2Fv2%2Fcomments&post=288"}],"version-history":[{"count":6,"href":"https:\/\/hannelerantala.fi\/www\/index.php?rest_route=\/wp\/v2\/pages\/288\/revisions"}],"predecessor-version":[{"id":700,"href":"https:\/\/hannelerantala.fi\/www\/index.php?rest_route=\/wp\/v2\/pages\/288\/revisions\/700"}],"up":[{"embeddable":true,"href":"https:\/\/hannelerantala.fi\/www\/index.php?rest_route=\/wp\/v2\/pages\/154"}],"wp:attachment":[{"href":"https:\/\/hannelerantala.fi\/www\/index.php?rest_route=%2Fwp%2Fv2%2Fmedia&parent=288"}],"curies":[{"name":"wp","href":"https:\/\/api.w.org\/{rel}","templated":true}]}}